{"id":521,"date":"2020-10-17T20:00:36","date_gmt":"2020-10-17T18:00:36","guid":{"rendered":"http:\/\/fannyscrapstampin.com\/?page_id=521"},"modified":"2020-10-17T23:21:30","modified_gmt":"2020-10-17T21:21:30","slug":"ma-boutique","status":"publish","type":"page","link":"https:\/\/fannyscrapstampin.com\/index.php\/ma-boutique\/","title":{"rendered":"Ma boutique"},"content":{"rendered":"\n<p>Depuis Juin 2020, Stampin&rsquo;Up! a mis en place une boutique en ligne et surtout en Fran\u00e7ais pour faciliter vos achats de chez vous en toute tranquillit\u00e9 7 jours sur 7 et 24h sur 24.<\/p>\n\n\n\n<p>Voici le lien de ma boutique :<\/p>\n\n\n\n<p><a href=\"https:\/\/www.stampinup.fr?demoid=5003695\">https:\/\/www.stampinup.fr?demoid=5003695<\/a><\/p>\n\n\n\n<p>V\u00e9rifiez bien que mon nom apprarait en haut de l&rsquo;\u00e9cran FANNY SOUVELAIN<\/p>\n\n\n\n<p>Evidemment, toutes vos commandes via ma boutique en ligne sont \u00e9ligibles \u00e0 la carte fid\u00e9lit\u00e9 ; si votre commande n&rsquo;atteint pas les 200 euros n&rsquo;oubliez pas d&rsquo;indiquer le code h\u00f4tesse que vous trouverez mise \u00e0 jour tous les mois dans l&rsquo;onglet \u00ab\u00a0code h\u00f4tesse\u00a0\u00bb<\/p>\n\n\n\n<p>Merci beaucoup<\/p>\n\n\n\n<p><strong>Les Primes Cr\u00e9atives<\/strong><\/p>\n\n\n\n<p>Les primes cr\u00e9atives sont en fait un peu comme un bon cadeau que vous obtenez lorsque votre commande atteint 200 euros.<\/p>\n\n\n\n<p>En effet, d\u00e8s que vous commandez pour 200 euros, un bon cadeau de 10% de la valeur de votre commande (hors frais de port) vous est offert et vous pouvez alors choisir ce qui vous fait plaisir dans les catalogues en cours. Plus votre commande est importante, plus le pourcentage de Prime Cr\u00e9ative grimpe (12% pour une commande sup\u00e9rieure \u00e0 \u20ac375, 14% pour \u20ac550&#8230;).<\/p>\n\n\n\n<p>Les cadeaux Primes Cr\u00e9atives doivent \u00eatre r\u00e9clam\u00e9s en m\u00eame temps que la commande initiale.<\/p>\n\n\n\n<p>Si le ou les cadeaux choisis d\u00e9passent le montant de la Prime Cr\u00e9ative obtenue, vous ne r\u00e9glez alors que la diff\u00e9rence.<\/p>\n\n\n\n<p>Il est \u00e0 noter que b\u00e9n\u00e9ficier de Primes Cr\u00e9atives vous donne \u00e9galement acc\u00e8s aux sets dits \u00ab\u00a0h\u00f4tesse\u00a0\u00bb qui ne peuvent \u00eatre obtenus qu&rsquo;en \u00e9change de Primes Cr\u00e9atives et dont la valeur est particuli\u00e8rement int\u00e9ressante.<\/p>\n\n\n\n<p>Alors, envie de cadeaux ?<\/p>\n\n\n\n<p>Votre commande n&rsquo;atteint pas les 200 euros mais vous avez quand m\u00eame envie d&rsquo;un petit cadeau fait de mes petites mains ? Rendez-vous sur la page Code H\u00f4tesse<\/p>\n","protected":false},"excerpt":{"rendered":"<p>Depuis Juin 2020, Stampin&rsquo;Up! a mis en place une boutique en ligne et surtout en Fran\u00e7ais pour faciliter vos achats de chez vous en toute tranquillit\u00e9 7 jours sur 7 et 24h sur 24. Voici le lien de ma boutique : https:\/\/www.stampinup.fr?demoid=5003695 V\u00e9rifiez bien que mon nom apprarait en haut de l&rsquo;\u00e9cran FANNY SOUVELAIN Evidemment, toutes vos commandes via ma boutique en ligne sont \u00e9ligibles \u00e0 la carte fid\u00e9lit\u00e9 ; si votre commande n&rsquo;atteint pas les 200 euros n&rsquo;oubliez pas d&rsquo;indiquer le code h\u00f4tesse que vous trouverez mise \u00e0 jour tous les mois dans l&rsquo;onglet \u00ab\u00a0code h\u00f4tesse\u00a0\u00bb Merci beaucoup Les Primes Cr\u00e9atives Les primes cr\u00e9atives sont en fait un peu comme un bon cadeau que vous obtenez lorsque votre commande atteint 200 euros. En effet, d\u00e8s que vous commandez pour 200 euros, un bon cadeau de 10% de la valeur de votre commande (hors frais de port) vous est offert et vous pouvez alors choisir ce qui vous fait plaisir dans les catalogues en cours. Plus votre commande est importante, plus le pourcentage de Prime Cr\u00e9ative grimpe (12% pour une commande sup\u00e9rieure \u00e0 \u20ac375, 14% pour \u20ac550&#8230;). Les cadeaux Primes Cr\u00e9atives doivent \u00eatre r\u00e9clam\u00e9s en m\u00eame temps que la commande initiale. Si le ou les cadeaux choisis d\u00e9passent le montant de la Prime Cr\u00e9ative obtenue, vous ne r\u00e9glez alors que la diff\u00e9rence. Il est \u00e0 noter que b\u00e9n\u00e9ficier de Primes Cr\u00e9atives vous donne \u00e9galement acc\u00e8s aux sets dits \u00ab\u00a0h\u00f4tesse\u00a0\u00bb qui ne peuvent \u00eatre obtenus qu&rsquo;en \u00e9change de Primes Cr\u00e9atives et dont la valeur est particuli\u00e8rement int\u00e9ressante. Alors, envie de cadeaux ? Votre commande n&rsquo;atteint pas les 200 euros mais vous avez quand m\u00eame envie d&rsquo;un petit cadeau fait de mes petites mains ? Rendez-vous sur la page Code H\u00f4tesse<\/p>\n","protected":false},"author":1,"featured_media":0,"parent":0,"menu_order":0,"comment_status":"closed","ping_status":"closed","template":"","meta":{"jetpack_post_was_ever_published":false,"footnotes":""},"_links":{"self":[{"href":"https:\/\/fannyscrapstampin.com\/index.php\/wp-json\/wp\/v2\/pages\/521"}],"collection":[{"href":"https:\/\/fannyscrapstampin.com\/index.php\/wp-json\/wp\/v2\/pages"}],"about":[{"href":"https:\/\/fannyscrapstampin.com\/index.php\/wp-json\/wp\/v2\/types\/page"}],"author":[{"embeddable":true,"href":"https:\/\/fannyscrapstampin.com\/index.php\/wp-json\/wp\/v2\/users\/1"}],"replies":[{"embeddable":true,"href":"https:\/\/fannyscrapstampin.com\/index.php\/wp-json\/wp\/v2\/comments?post=521"}],"version-history":[{"count":2,"href":"https:\/\/fannyscrapstampin.com\/index.php\/wp-json\/wp\/v2\/pages\/521\/revisions"}],"predecessor-version":[{"id":535,"href":"https:\/\/fannyscrapstampin.com\/index.php\/wp-json\/wp\/v2\/pages\/521\/revisions\/535"}],"wp:attachment":[{"href":"https:\/\/fannyscrapstampin.com\/index.php\/wp-json\/wp\/v2\/media?parent=521"}],"curies":[{"name":"wp","href":"https:\/\/api.w.org\/{rel}","templated":true}]}}